1583641440?
True
Is 1207 a factor of 1137809?
False
Is 2 a factor of 2766641?
False
Is 112382988 a multiple of 4?
True
Is 70 a factor of 320965552?
False
Does 11392 divide 2049158784?
True
Is 137 a factor of 9849541?
False
Is 103 a factor of 3481400?
True
Is 106205484 a multiple of 132?
True
Does 447 divide 25955055?
True
Does 11 divide 2877439906?
True
Is 1656 a factor of 28988329?
False
Is 6 a factor of 115316936?
False
Is 444782635 a multiple of 226?
False
Does 113 divide 376862684?
True
Is 515615978 a multiple of 23?
True
Is 72 a factor of 7829252?
False
Does 2633 divide 25848161?
True
Does 2445 divide 52464810?
True
Is 16 a factor of 118599952?
True
Is 2021428355 a multiple of 31?
False
Is 77792813 a multiple of 37?
False
Does 56 divide 419612531?
False
Is 2056362168 a multiple of 86?
True
Is 13 a factor of 1157061555?
True
Is 91170228 a multiple of 1506?
True
Does 98 divide 704882465?
False
Is 1165899644 a multiple of 5278?
True
Does 61 divide 550998909?
True
Is 92 a factor of 246165688?
True
Is 2028896142 a multiple of 1194?
True
Is 1815245712 a multiple of 168?
True
Is 19919925 a multiple of 3?
True
Is 1274 a factor of 197966119?
False
Is 191 a factor of 859986331?
False
Does 18 divide 1297818?
True
Is 60 a factor of 66968280?
True
Does 4950 divide 660671550?
True
Does 67 divide 801856?
True
Does 3462 divide 4496809110?
True
Is 11 a factor of 3879588?
False
Is 26 a factor of 594609678?
True
Does 9 divide 7593552?
True
Is 682 a factor of 271331654?
True
Does 8 divide 25856320?
True
Does 899 divide 169803120?
True
Does 16 divide 89661934?
False
Is 326 a factor of 47426154?
True
Does 20 divide 26073080?
True
Is 15 a factor of 1128232095?
True
Is 2890372003 a multiple of 12?
False
Is 2879 a factor of 212012550?
False
Is 160735488 a multiple of 24?
True
Is 58852200 a multiple of 3300?
True
Is 667 a factor of 1595216149?
False
Is 4 a factor of 39771415?
False
Is 66947307 a multiple of 2814?
False
Does 44 divide 39592321?
False
Does 1728 divide 429681024?
True
Is 223401691 a multiple of 23?
True
Does 241 divide 900872114?
False
Does 91 divide 35145883?
False
Is 71132431 a multiple of 1742?
False
Is 6027 a factor of 745931655?
True
Is 2548063 a multiple of 150?
False
Does 2706 divide 24475770?
True
Is 423 a factor of 450459556?
False
Is 344 a factor of 4274113?
False
Does 3 divide 135854907?
True
Does 514 divide 240510841?
False
Is 83547128 a multiple of 4?
True
Is 3065821548 a multiple of 1532?
True
Is 4892320 a multiple of 10?
True
Is 418 a factor of 2035293?
False
Does 24 divide 6642696?
True
Is 9 a factor of 1652313?
False
Does 95 divide 91925230?
True
Does 367 divide 6209392?
False
Does 479 divide 3111376114?
True
Is 52 a factor of 18569824?
True
Is 3 a factor of 97915372?
False
Does 80 divide 4622000?
True
Is 5426623 a multiple of 78?
False
Is 98 a factor of 456463022?
False
Is 84285278 a multiple of 14?
True
Is 287718140 a multiple of 1957?
True
Does 5 divide 91413571?
False
Does 1279 divide 65713707?
False
Does 24 divide 203632536?
True
Is 6 a factor of 229281060?
True
Is 144548159 a multiple of 7?
True
Is 284718771 a multiple of 49?
False
Is 74 a factor of 804676?
True
Does 45 divide 1671789825?
True
Is 958079792 a multiple of 3088?
True
Is 125995375 a multiple of 1375?
True
Is 223 a factor of 104691181?
False
Is 43 a factor of 65044118?
False
Is 6678381435 a multiple of 15747?
True
Is 1826307473 a multiple of 321?
False
Is 12841200 a multiple of 75?
True
Is 2138573976 a multiple of 1701?
False
Is 330982470 a multiple of 171?
True
Is 101188675 a multiple of 5117?
True
Is 29 a factor of 10575959?
False
Does 11 divide 884961?
True
Is 37 a factor of 203333242?
False
Does 6461 divide 1391285896?
True
Is 8 a factor of 82255552?
True
Does 3 divide 172491358?
False
Is 8925 a factor of 1539547125?
False
Is 136798379 a multiple of 365?
False
Does 190 divide 180552060?
True
Is 1344 a factor of 110862433?
False
Is 4541925 a multiple of 15?
True
Is 26049222 a multiple of 1074?
False
Is 54 a factor of 1513643082?
False
Is 5245 a factor of 411438918?
False
Is 15651588 a multiple of 4?
True
Is 48 a factor of 4029809270?
False
Is 208 a factor of 1617821975?
False
Is 1233 a factor of 607929068?
False
Is 7 a factor of 2102317?
True
Is 53011942 a multiple of 5051?
False
Is 272365847 a multiple of 15?
False
Does 496 divide 849199616?
True
Is 112 a factor of 71695593?
False
Does 37 divide 14508403?
True
Is 10 a factor of 2272071449?
False
Does 56 divide 10424612?
False
Is 27 a factor of 5375613?
False
Is 1897 a factor of 307156549?
True
Is 73 a factor of 11194242?
False
Is 21 a factor of 849979200?
True
Is 9 a factor of 8215173?
True
Is 938 a factor of 65297932?
True
Is 3 a factor of 883920496?
False
Is 32 a factor of 25533408?
True
Does 27 divide 450167085?
True
Is 7891489 a multiple of 2?
False
Does 269 divide 30593101?
True
Does 2633 divide 1050815414?
False
Is 1196040065 a multiple of 2328?
False
Is 553242600 a multiple of 45?
True
Is 11160656 a multiple of 189?
False
Is 2175 a factor of 5828467125?
True
Is 5207537 a multiple of 4?
False
Is 26573990 a multiple of 11?
False
Is 423844469 a multiple of 411?
False
Does 391 divide 555020199?
True
Is 227715840 a multiple of 18?
True
Does 121 divide 60434363?
False
Does 244 divide 14630240?
True
Is 5 a factor of 6626564?
False
Is 25 a factor of 432604930?
False
Is 349 a factor of 736706389?
False
Is 120115629 a multiple of 9?
True
Is 10 a factor of 446202590?
True
Does 2366 divide 1267977256?
True
Is 1724944753 a multiple of 2779?
True
Is 21 a factor of 54800612?
False
Is 29350875 a multiple of 415?
True
Is 15 a factor of 485386460?
False
Does 326 divide 7048048?
False
Is 119666423 a multiple of 1713?
False
Is 15 a factor of 307182097?
False
Is 9 a factor of 153353868?
False
Does 175 divide 36567650?
True
Is 190848012 a multiple of 282?
True
Is 153189005 a multiple of 38?
False
Is 1198504604 a multiple of 15?
False
Is 185 a factor of 73738908?
False
Is 1228299897 a multiple of 13?
False
Is 198 a factor of 10753228?
False
Does 237 divide 17866691?
False
Is 771073597 a multiple of 37?
False
Is 1241 a factor of 489860210?
False
Does 1608 divide 87295774?
False
Is 154 a factor of 5938936?
False
Does 91 divide 199732897?
True
Is 101 a factor of 206844525?
False
Is 31 a factor of 34426461?
True
Is 1055174976 a multiple of 393?
False
Is 900750936 a multiple of 76?
True
Does 1649 divide 88284771?
False
Is 394855688 a multiple of 10?
False
Does 267 divide 11821425?
True
Does 14 divide 56505162?
True
Is 2350645092 a multiple of 5931?
True
Does 4 divide 42618097?
False
Does 4357 divide 884554617?
False
Is 75027967 a multiple of 28?
False
Is 395 a factor of 91995895?
True
Is 95 a factor of 108522300?
True
Is 40 a factor of 1746261560?
True
Does 10 divide 864938830?
True
Is 5 a factor of 972158?
False
Is 8 a factor of 1968320?
True
Is 5 a factor of 49529925?
True
Is 936 a factor of 183605194?
False
Is 2009384181 a multiple of 2801?
True
Is 1662 a factor of 1507939341?
False
Is 1211657079 a multiple of 769?
False
Is 112021092 a multiple of 9?
True
Is 57870338 a multiple of 2096?
False
Is 187733973 a multiple of 4319?
True
Is 57 a factor of 155082797?
False
Does 13 divide 4333226?
False
Is 39261537 a multiple of 1997?
False
Is 155327402 a multiple of 252?
False
Is 9038624 a multiple of 58?
False
Is 254 a factor of 5952490?
True
Does 1527 divide 1219647141?
False
Does 3 divide 200929777?
False
Does 293 divide 2472426295?
True
Is 232 a factor of 5055976?
True
Does 16 divide 102674782?
False
Is 38052933 a multiple of 227?
False
Is 1567 a factor of 8611286?
False
Does 15 divide 21103717?
False
Is 11 a factor of 682397563?
False
Does 9 divide 5904867439?
False
Does 924 divide 70114205?
False
Is 28 a factor of 10390772?
True
Is 213 a factor of 21507411?
False
Is 26 a factor of 7441464?
False
Is 104222104 a multiple of 83?
True
Is 76 a factor of 546039024?
True
Is 155883580 a multiple of 208?
False
Is 573 a factor of 20846831?
False
Does 42 divide 87687833?
False
Is 321 a factor of 72617583?
True
Is 574 a factor of 1702384110?
False
Is 4489 a factor of 2282812513?
False
Does 37 divide 1603811805?
True
Is 1035 a factor of 540475965?
True
Does 21 divide 7268676?
False
Does 5 divide 914480230?
True
Is 18 a factor of 68280616?
F